{"id":2285,"date":"2017-05-30T10:08:47","date_gmt":"2017-05-30T09:08:47","guid":{"rendered":"https:\/\/www.colegiosanfelix.com\/web\/?page_id=2285"},"modified":"2017-09-05T15:44:27","modified_gmt":"2017-09-05T14:44:27","slug":"comedor-escolar","status":"publish","type":"page","link":"https:\/\/www.colegiosanfelix.com\/web\/index.php\/comedor-escolar\/","title":{"rendered":"COMEDOR ESCOLAR"},"content":{"rendered":"<p>El 1 de junio de 2017 ha comenzado el servicio\u00a0de comedor escolar en el C.P. San F\u00e9lix.<\/p>\n<p>Se aplicar\u00e1n las normas de convivencia recogidas en el R.R.I. del centro durante la duraci\u00f3n de este servicio.<\/p>\n<p>El horario de junio y septiembre ser\u00e1 de \u00a013:15 a 15:15, mientras que el horario de octubre a mayo ser\u00e1 de\u00a014:15 a 16:15.<\/p>\n<p>&nbsp;<\/p>\n<p>El alumnado que acuda al comedor, traer\u00e1 en una bolsa de tela marcada con su nombre, un cepillo de dientes, dent\u00edfrico, un vaso de pl\u00e1stico, una peque\u00f1a toalla y una servilleta de tela. El alumnado de E.I. tambi\u00e9n aportar\u00e1 un babero\/mandil\u00f3n para evitar mancharse.<\/p>\n<p>Las familias recoger\u00e1n a sus hijos\/as accediendo al recinto por la puerta de Educaci\u00f3n Infantil a partir de las 14: 15 (en junio y septiembre) y de las 15:15 (resto del curso).<\/p>\n<p>Al finalizar la comida el alumnado realizar\u00e1 actividades l\u00fadicas en la zona de patio de E.I. o en el hall de entrada de E.I.<\/p>\n<p>Quienes deseen hacer uso del servicio de comedor durante el curso escolar 2017-2018 pueden cumplimentar el <a href=\"http:\/\/aulastic.com\/documentos\/matricula\/comedor.pdf\">impreso<\/a>\u00a0de inscripci\u00f3n.<\/p>\n<p>Los usuarios ocasionales podr\u00e1n inscribirse de desde la propia web del colegio en el submen\u00fa <em>uso ocasional<\/em>\u00a0del comedor.<\/p>\n","protected":false},"excerpt":{"rendered":"<p>El 1 de junio de 2017 ha comenzado el servicio\u00a0de comedor escolar en el C.P. San F\u00e9lix. Se aplicar\u00e1n las normas de convivencia recogidas en el R.R.I. del centro durante la duraci\u00f3n de este servicio.&#46;&#46;&#46;<\/p>\n","protected":false},"author":1,"featured_media":0,"parent":0,"menu_order":0,"comment_status":"closed","ping_status":"closed","template":"","meta":{"footnotes":""},"class_list":["post-2285","page","type-page","status-publish","hentry"],"_links":{"self":[{"href":"https:\/\/www.colegiosanfelix.com\/web\/index.php\/wp-json\/wp\/v2\/pages\/2285","targetHints":{"allow":["GET"]}}],"collection":[{"href":"https:\/\/www.colegiosanfelix.com\/web\/index.php\/wp-json\/wp\/v2\/pages"}],"about":[{"href":"https:\/\/www.colegiosanfelix.com\/web\/index.php\/wp-json\/wp\/v2\/types\/page"}],"author":[{"embeddable":true,"href":"https:\/\/www.colegiosanfelix.com\/web\/index.php\/wp-json\/wp\/v2\/users\/1"}],"replies":[{"embeddable":true,"href":"https:\/\/www.colegiosanfelix.com\/web\/index.php\/wp-json\/wp\/v2\/comments?post=2285"}],"version-history":[{"count":0,"href":"https:\/\/www.colegiosanfelix.com\/web\/index.php\/wp-json\/wp\/v2\/pages\/2285\/revisions"}],"wp:attachment":[{"href":"https:\/\/www.colegiosanfelix.com\/web\/index.php\/wp-json\/wp\/v2\/media?parent=2285"}],"curies":[{"name":"wp","href":"https:\/\/api.w.org\/{rel}","templated":true}]}}

<p>El 1 de junio de 2017 ha comenzado el servicio de comedor escolar en el C.P. San Félix.</p>
<p>Se aplicarán las normas de convivencia recogidas en el R.R.I. del centro durante la duración de este servicio.</p>
<p>El horario de junio y septiembre será de  13:15 a 15:15, mientras que el horario de octubre a mayo será de 14:15 a 16:15.</p>
<p>&nbsp;</p>
<p>El alumnado que acuda al comedor, traerá en una bolsa de tela marcada con su nombre, un cepillo de dientes, dentífrico, un vaso de plástico, una pequeña toalla y una servilleta de tela. El alumnado de E.I. también aportará un babero/mandilón para evitar mancharse.</p>
<p>Las familias recogerán a sus hijos/as accediendo al recinto por la puerta de Educación Infantil a partir de las 14: 15 (en junio y septiembre) y de las 15:15 (resto del curso).</p>
<p>Al finalizar la comida el alumnado realizará actividades lúdicas en la zona de patio de E.I. o en el hall de entrada de E.I.</p>
<p>Quienes deseen hacer uso del servicio de comedor durante el curso escolar 2017-2018 pueden cumplimentar el <a href="http://aulastic.com/documentos/matricula/comedor.pdf">impreso</a> de inscripción.</p>
<p>Los usuarios ocasionales podrán inscribirse de desde la propia web del colegio en el submenú <em>uso ocasional</em> del comedor.</p>

<p>El 1 de junio de 2017 ha comenzado el servicio de comedor escolar en el C.P. San Félix. Se aplicarán las normas de convivencia recogidas en el R.R.I. del centro durante la duración de este servicio.&#46;&#46;&#46;</p>
