{"id":2368,"date":"2017-09-05T15:21:32","date_gmt":"2017-09-05T14:21:32","guid":{"rendered":"https:\/\/www.colegiosanfelix.com\/web\/?page_id=2368"},"modified":"2021-09-06T10:11:27","modified_gmt":"2021-09-06T09:11:27","slug":"uso-ocasional","status":"publish","type":"page","link":"https:\/\/www.colegiosanfelix.com\/web\/index.php\/comedor-escolar\/uso-ocasional\/","title":{"rendered":"USO OCASIONAL"},"content":{"rendered":"<p>Para utilizar el servicio de comedor en d\u00edas puntuales, tanto para desayuno como para almuerzo, es necesario inscribirse el d\u00eda lectivo anterior a su uso antes de las 14h llamando al colegio por tel\u00e9fono.<\/p>\n\n\n<a href=\"tel:985870841\">Contacto Secretar\u00eda C.P. San F\u00e9lix: 985870841<\/a>\n\n\n\n<p><\/p>\n","protected":false},"excerpt":{"rendered":"<p>Para utilizar el servicio de comedor en d\u00edas puntuales, tanto para desayuno como para almuerzo, es necesario inscribirse el d\u00eda lectivo anterior a su uso antes de las 14h llamando al colegio por tel\u00e9fono. Contacto&#46;&#46;&#46;<\/p>\n","protected":false},"author":1,"featured_media":0,"parent":2285,"menu_order":0,"comment_status":"closed","ping_status":"closed","template":"","meta":{"footnotes":""},"class_list":["post-2368","page","type-page","status-publish","hentry"],"_links":{"self":[{"href":"https:\/\/www.colegiosanfelix.com\/web\/index.php\/wp-json\/wp\/v2\/pages\/2368","targetHints":{"allow":["GET"]}}],"collection":[{"href":"https:\/\/www.colegiosanfelix.com\/web\/index.php\/wp-json\/wp\/v2\/pages"}],"about":[{"href":"https:\/\/www.colegiosanfelix.com\/web\/index.php\/wp-json\/wp\/v2\/types\/page"}],"author":[{"embeddable":true,"href":"https:\/\/www.colegiosanfelix.com\/web\/index.php\/wp-json\/wp\/v2\/users\/1"}],"replies":[{"embeddable":true,"href":"https:\/\/www.colegiosanfelix.com\/web\/index.php\/wp-json\/wp\/v2\/comments?post=2368"}],"version-history":[{"count":0,"href":"https:\/\/www.colegiosanfelix.com\/web\/index.php\/wp-json\/wp\/v2\/pages\/2368\/revisions"}],"up":[{"embeddable":true,"href":"https:\/\/www.colegiosanfelix.com\/web\/index.php\/wp-json\/wp\/v2\/pages\/2285"}],"wp:attachment":[{"href":"https:\/\/www.colegiosanfelix.com\/web\/index.php\/wp-json\/wp\/v2\/media?parent=2368"}],"curies":[{"name":"wp","href":"https:\/\/api.w.org\/{rel}","templated":true}]}}