{"id":348,"date":"2015-10-09T11:22:52","date_gmt":"2015-10-09T09:22:52","guid":{"rendered":"https:\/\/www.colegiosanfelix.com\/web\/?page_id=348"},"modified":"2015-10-09T23:55:00","modified_gmt":"2015-10-09T21:55:00","slug":"historia","status":"publish","type":"page","link":"https:\/\/www.colegiosanfelix.com\/web\/index.php\/quienes-somos\/historia\/","title":{"rendered":"Historia"},"content":{"rendered":"<p>La historia del Colegio San F\u00e9lix es la historia de un pueblo, de sus gentes y de todas y cada una de  las personas que han contribuido de una u otra forma a conseguir que generaciones de candasinos y candasinas recibiesen una formaci\u00f3n primaria de calidad.<br \/>\nCon anterioridad al curso 63-64 funcionaban en la localidad de Cand\u00e1s dos centros de Ense\u00f1anza Primaria: uno para ni\u00f1os y otro para ni\u00f1as.<br \/>\nCon la Ley General de Educaci\u00f3n de 1970 y la construcci\u00f3n de un nuevo edificio, el Colegio se transforma en Centro de E.G.B, con ense\u00f1anza mixta y comedor escolar.<br \/>\nDebido a la expansi\u00f3n demogr\u00e1fica de los a\u00f1os 70 y la necesaria ampliaci\u00f3n de unidades y espacios, se construy\u00f3 un nuevo edificio para Ense\u00f1anza Media en el curso 75\/76, transform\u00e1ndose el Instituto de Bachillerato en unidades de<br \/>\nE.G.B.<br \/>\nDurante los a\u00f1os siguientes, el C.P. \u00abSan F\u00e9lix\u00bb ubic\u00f3 sus aulas en diferentes localizaciones, ya que admit\u00eda alumnos\/as de todo el Concejo de Carre\u00f1o.<br \/>\nEn el curso 87-88 se inaugur\u00f3 el C.P. \u00bb Poeta Ant\u00f3n\u201d que matriculaba con preferencia a los alumnos\/as del Concejo a partir de 3\u00ba de Primaria al disponer de los servicios de transporte y comedor, mientras que el San F\u00e9lix se nutr\u00eda del alumnado de la localidad.<br \/>\nEl actual Colegio de Educaci\u00f3n Infantil y Primaria, se construy\u00f3 por fin en la zona de la Matiella al sur de Cand\u00e1s, en el Barrio de La Cruz. Las nuevas instalaciones fueron inauguradas el 21 de enero de 1997.<\/p>\n","protected":false},"excerpt":{"rendered":"<p>La historia del Colegio San F\u00e9lix es la historia de un pueblo, de sus gentes y de todas y cada una de las personas que han contribuido de una u otra forma a conseguir que&#46;&#46;&#46;<\/p>\n","protected":false},"author":1,"featured_media":0,"parent":170,"menu_order":0,"comment_status":"closed","ping_status":"closed","template":"","meta":{"footnotes":""},"class_list":["post-348","page","type-page","status-publish","hentry"],"_links":{"self":[{"href":"https:\/\/www.colegiosanfelix.com\/web\/index.php\/wp-json\/wp\/v2\/pages\/348","targetHints":{"allow":["GET"]}}],"collection":[{"href":"https:\/\/www.colegiosanfelix.com\/web\/index.php\/wp-json\/wp\/v2\/pages"}],"about":[{"href":"https:\/\/www.colegiosanfelix.com\/web\/index.php\/wp-json\/wp\/v2\/types\/page"}],"author":[{"embeddable":true,"href":"https:\/\/www.colegiosanfelix.com\/web\/index.php\/wp-json\/wp\/v2\/users\/1"}],"replies":[{"embeddable":true,"href":"https:\/\/www.colegiosanfelix.com\/web\/index.php\/wp-json\/wp\/v2\/comments?post=348"}],"version-history":[{"count":0,"href":"https:\/\/www.colegiosanfelix.com\/web\/index.php\/wp-json\/wp\/v2\/pages\/348\/revisions"}],"up":[{"embeddable":true,"href":"https:\/\/www.colegiosanfelix.com\/web\/index.php\/wp-json\/wp\/v2\/pages\/170"}],"wp:attachment":[{"href":"https:\/\/www.colegiosanfelix.com\/web\/index.php\/wp-json\/wp\/v2\/media?parent=348"}],"curies":[{"name":"wp","href":"https:\/\/api.w.org\/{rel}","templated":true}]}}

<p>La historia del Colegio San Félix es la historia de un pueblo, de sus gentes y de todas y cada una de  las personas que han contribuido de una u otra forma a conseguir que generaciones de candasinos y candasinas recibiesen una formación primaria de calidad.<br />
Con anterioridad al curso 63-64 funcionaban en la localidad de Candás dos centros de Enseñanza Primaria: uno para niños y otro para niñas.<br />
Con la Ley General de Educación de 1970 y la construcción de un nuevo edificio, el Colegio se transforma en Centro de E.G.B, con enseñanza mixta y comedor escolar.<br />
Debido a la expansión demográfica de los años 70 y la necesaria ampliación de unidades y espacios, se construyó un nuevo edificio para Enseñanza Media en el curso 75/76, transformándose el Instituto de Bachillerato en unidades de<br />
E.G.B.<br />
Durante los años siguientes, el C.P. «San Félix» ubicó sus aulas en diferentes localizaciones, ya que admitía alumnos/as de todo el Concejo de Carreño.<br />
En el curso 87-88 se inauguró el C.P. » Poeta Antón” que matriculaba con preferencia a los alumnos/as del Concejo a partir de 3º de Primaria al disponer de los servicios de transporte y comedor, mientras que el San Félix se nutría del alumnado de la localidad.<br />
El actual Colegio de Educación Infantil y Primaria, se construyó por fin en la zona de la Matiella al sur de Candás, en el Barrio de La Cruz. Las nuevas instalaciones fueron inauguradas el 21 de enero de 1997.</p>

<p>La historia del Colegio San Félix es la historia de un pueblo, de sus gentes y de todas y cada una de las personas que han contribuido de una u otra forma a conseguir que&#46;&#46;&#46;</p>
