{"id":4262,"date":"2021-05-09T17:17:18","date_gmt":"2021-05-09T16:17:18","guid":{"rendered":"https:\/\/www.colegiosanfelix.com\/web\/?page_id=4262"},"modified":"2022-05-17T23:04:01","modified_gmt":"2022-05-17T22:04:01","slug":"semana-sobre-ruedas","status":"publish","type":"page","link":"https:\/\/www.colegiosanfelix.com\/web\/index.php\/semana-sobre-ruedas\/","title":{"rendered":"II SEMANA SOBRE RUEDAS"},"content":{"rendered":"\n<div class=\"wp-block-image is-style-rounded\"><figure class=\"aligncenter size-large\"><img decoding=\"async\" width=\"1920\" height=\"1920\" src=\"https:\/\/www.colegiosanfelix.com\/web\/wp-content\/uploads\/2022\/05\/507F719D-E4CD-4CDD-9125-60403A343A78.jpeg\" alt=\"\" class=\"wp-image-4799\" srcset=\"https:\/\/www.colegiosanfelix.com\/web\/wp-content\/uploads\/2022\/05\/507F719D-E4CD-4CDD-9125-60403A343A78.jpeg 1920w, https:\/\/www.colegiosanfelix.com\/web\/wp-content\/uploads\/2022\/05\/507F719D-E4CD-4CDD-9125-60403A343A78-711x711.jpeg 711w, https:\/\/www.colegiosanfelix.com\/web\/wp-content\/uploads\/2022\/05\/507F719D-E4CD-4CDD-9125-60403A343A78-150x150.jpeg 150w, https:\/\/www.colegiosanfelix.com\/web\/wp-content\/uploads\/2022\/05\/507F719D-E4CD-4CDD-9125-60403A343A78-768x768.jpeg 768w, https:\/\/www.colegiosanfelix.com\/web\/wp-content\/uploads\/2022\/05\/507F719D-E4CD-4CDD-9125-60403A343A78-1536x1536.jpeg 1536w, https:\/\/www.colegiosanfelix.com\/web\/wp-content\/uploads\/2022\/05\/507F719D-E4CD-4CDD-9125-60403A343A78-160x160.jpeg 160w, https:\/\/www.colegiosanfelix.com\/web\/wp-content\/uploads\/2022\/05\/507F719D-E4CD-4CDD-9125-60403A343A78-320x320.jpeg 320w\" sizes=\"(max-width: 1920px) 100vw, 1920px\" \/><figcaption>Educaci\u00f3n f\u00edsica gracias a uno de los inventos m\u00e1s viejos, simples y revolucionarios del mundo: la rueda.<\/figcaption><\/figure><\/div>\n\n\n\n<figure class=\"wp-block-image\"><img decoding=\"async\" width=\"996\" height=\"564\" src=\"https:\/\/www.colegiosanfelix.com\/web\/wp-content\/uploads\/2021\/05\/image.jpg\" alt=\"\" class=\"wp-image-4261\" srcset=\"https:\/\/www.colegiosanfelix.com\/web\/wp-content\/uploads\/2021\/05\/image.jpg 996w, https:\/\/www.colegiosanfelix.com\/web\/wp-content\/uploads\/2021\/05\/image-711x403.jpg 711w, https:\/\/www.colegiosanfelix.com\/web\/wp-content\/uploads\/2021\/05\/image-768x435.jpg 768w\" sizes=\"(max-width: 996px) 100vw, 996px\" \/><\/figure>\n\n\n\n<p>La finalidad de la Semana Sobre Ruedas es fomentar el deporte y el uso de un medio de transporte m\u00e1s sostenible que el coche para los desplazamientos cortos. Esta II Semana Sobre Ruedas la llevaremos a cabo en las sesiones de educaci\u00f3n f\u00edsica <strong>entre el 23 de mayo y el 2 de junio de 2022<\/strong> (si la climatolog\u00eda lo permite).  Si el tiempo no acompa\u00f1a pospondremos las sesiones hasta mejor\u00eda.<\/p>\n\n\n\n<hr class=\"wp-block-separator\"\/>\n\n\n\n<h2 class=\"wp-block-heading\"><strong>\u00bfQU\u00c9 TENGO QUE HACER?<\/strong><\/h2>\n\n\n\n<p>Cada alumno\/a traer\u00e1 su bicicleta (o en su defecto patinete) los d\u00edas en los que tenga educaci\u00f3n f\u00edsica. Se entrar\u00e1 por la puerta de patio y se aparcar\u00e1 en la zona habilitada al efecto en la pista cubierta.<\/p>\n\n\n\n<p>Cada bicicleta (o patinete) vendr\u00e1 con una etiqueta con el nombre del alumno-a y su grupo (lo m\u00e1s sencillo es un poco de cinta de carrocero en el cuadro). Tambi\u00e9n se traer\u00e1 un casco etiquetado con el nombre y grupo que se quedar\u00e1 en el manillar de la bicicleta (o patinete) en la zona de aparcamiento.<\/p>\n\n\n\n<p>Sabemos que no todas las familias pueden traer\/llevar la bicicleta cada d\u00eda que haya educaci\u00f3n f\u00edsica. Para facilitar la log\u00edstica, se podr\u00e1n traer bicicletas o patinetes al colegio <strong>en cualquier momento previo a la primera sesi\u00f3n de educaci\u00f3n f\u00edsica de la II Semana Sobre Ruedas.<\/strong> \u00c9stas se llevar\u00e1n en el horario habitual de apertura del centro 9:05 a 14:25 por la puerta principal y Lola (nuestra conserje) las acomodar\u00e1 en la zona del gimnasio hasta el momento de su uso a la hora de educaci\u00f3n f\u00edsica. Se podr\u00e1n recoger de igual modo <strong>cualquier d\u00eda tras finalizar la \u00faltima sesi\u00f3n de la Semana<\/strong> <strong>Sobre Ruedas<\/strong>. <\/p>\n\n\n\n<p>Al finalizar la sesi\u00f3n de educaci\u00f3n f\u00edsica el alumnado dejar\u00e1 la bicicleta en la zona de aparcamiento de patio (si regresa a su casa en bicicleta) o la subir\u00e1 al gimnasio para guardarla hasta la siguiente clase de educaci\u00f3n f\u00edsica.<\/p>\n\n\n\n<hr class=\"wp-block-separator\"\/>\n\n\n\n<h2 class=\"wp-block-heading\"><strong>RECOMENDACIONES<\/strong><\/h2>\n\n\n\n<ul class=\"wp-block-list\"><li>Hacer una peque\u00f1a revisi\u00f3n de que la altura del sill\u00edn, estado de frenos y ruedas sea adecuado.<\/li><li>Usar la bicicleta unos d\u00edas antes para comprobar que \u00abtodo est\u00e1 en orden\u00bb.<\/li><li>Tranquilizar al alumnado que a\u00fan no se sienta c\u00f3modo para el manejo de una bicicleta o patinete: el objetivo no es ser competitivos, sino familiarizarnos con este medio.<\/li><\/ul>\n\n\n\n<hr class=\"wp-block-separator\"\/>\n\n\n\n<h2 class=\"wp-block-heading\"><strong>\u00bfY SI NO TENGO BICICLETA O PATINETE?<\/strong><\/h2>\n\n\n\n<p>Vamos a tener alguna bicicleta\/patinete disponibles para prestar. <\/p>\n\n\n\n<hr class=\"wp-block-separator\"\/>\n\n\n\n<h2 class=\"wp-block-heading\"><strong>DESPU\u00c9S DE LEER ESTO A\u00daN TENGO DUDAS<\/strong><\/h2>\n\n\n\n<p>Puedes enviar tus dudas por email a juandhc@educastur.org<\/p>\n\n\n\n<h2 class=\"wp-block-heading\"><strong>\u00bfQU\u00c9 VAMOS A APRENDER?<\/strong><\/h2>\n\n\n\n<figure class=\"wp-block-image\"><img decoding=\"async\" width=\"1920\" height=\"1920\" src=\"https:\/\/www.colegiosanfelix.com\/web\/wp-content\/uploads\/2021\/05\/52A5B12D-DFDB-4683-A847-E045CFA6E9BC.jpeg\" alt=\"\" class=\"wp-image-4260\" srcset=\"https:\/\/www.colegiosanfelix.com\/web\/wp-content\/uploads\/2021\/05\/52A5B12D-DFDB-4683-A847-E045CFA6E9BC.jpeg 1920w, https:\/\/www.colegiosanfelix.com\/web\/wp-content\/uploads\/2021\/05\/52A5B12D-DFDB-4683-A847-E045CFA6E9BC-711x711.jpeg 711w, https:\/\/www.colegiosanfelix.com\/web\/wp-content\/uploads\/2021\/05\/52A5B12D-DFDB-4683-A847-E045CFA6E9BC-150x150.jpeg 150w, https:\/\/www.colegiosanfelix.com\/web\/wp-content\/uploads\/2021\/05\/52A5B12D-DFDB-4683-A847-E045CFA6E9BC-768x768.jpeg 768w, https:\/\/www.colegiosanfelix.com\/web\/wp-content\/uploads\/2021\/05\/52A5B12D-DFDB-4683-A847-E045CFA6E9BC-1536x1536.jpeg 1536w, https:\/\/www.colegiosanfelix.com\/web\/wp-content\/uploads\/2021\/05\/52A5B12D-DFDB-4683-A847-E045CFA6E9BC-160x160.jpeg 160w, https:\/\/www.colegiosanfelix.com\/web\/wp-content\/uploads\/2021\/05\/52A5B12D-DFDB-4683-A847-E045CFA6E9BC-320x320.jpeg 320w\" sizes=\"(max-width: 1920px) 100vw, 1920px\" \/><\/figure>\n\n\n\n<div style=\"height:30px\" aria-hidden=\"true\" class=\"wp-block-spacer\"><\/div>\n\n\n\n<figure class=\"wp-block-image\"><img decoding=\"async\" width=\"1920\" height=\"1357\" src=\"https:\/\/www.colegiosanfelix.com\/web\/wp-content\/uploads\/2021\/05\/B45392C4-463C-4447-B67A-9B6D546EC099.jpeg\" alt=\"\" class=\"wp-image-4256\" srcset=\"https:\/\/www.colegiosanfelix.com\/web\/wp-content\/uploads\/2021\/05\/B45392C4-463C-4447-B67A-9B6D546EC099.jpeg 1920w, https:\/\/www.colegiosanfelix.com\/web\/wp-content\/uploads\/2021\/05\/B45392C4-463C-4447-B67A-9B6D546EC099-711x503.jpeg 711w, https:\/\/www.colegiosanfelix.com\/web\/wp-content\/uploads\/2021\/05\/B45392C4-463C-4447-B67A-9B6D546EC099-768x543.jpeg 768w, https:\/\/www.colegiosanfelix.com\/web\/wp-content\/uploads\/2021\/05\/B45392C4-463C-4447-B67A-9B6D546EC099-1536x1086.jpeg 1536w\" sizes=\"(max-width: 1920px) 100vw, 1920px\" \/><\/figure>\n\n\n\n<figure class=\"wp-block-image\"><img decoding=\"async\" width=\"1920\" height=\"1357\" src=\"https:\/\/www.colegiosanfelix.com\/web\/wp-content\/uploads\/2021\/05\/D479EE58-C806-43EC-AAC7-A488DCA9B714.jpeg\" alt=\"\" class=\"wp-image-4257\" srcset=\"https:\/\/www.colegiosanfelix.com\/web\/wp-content\/uploads\/2021\/05\/D479EE58-C806-43EC-AAC7-A488DCA9B714.jpeg 1920w, https:\/\/www.colegiosanfelix.com\/web\/wp-content\/uploads\/2021\/05\/D479EE58-C806-43EC-AAC7-A488DCA9B714-711x503.jpeg 711w, https:\/\/www.colegiosanfelix.com\/web\/wp-content\/uploads\/2021\/05\/D479EE58-C806-43EC-AAC7-A488DCA9B714-768x543.jpeg 768w, https:\/\/www.colegiosanfelix.com\/web\/wp-content\/uploads\/2021\/05\/D479EE58-C806-43EC-AAC7-A488DCA9B714-1536x1086.jpeg 1536w\" sizes=\"(max-width: 1920px) 100vw, 1920px\" \/><\/figure>\n\n\n\n<p><\/p>\n","protected":false},"excerpt":{"rendered":"<p>La finalidad de la Semana Sobre Ruedas es fomentar el deporte y el uso de un medio de transporte m\u00e1s sostenible que el coche para los desplazamientos cortos. Esta II Semana Sobre Ruedas la llevaremos&#46;&#46;&#46;<\/p>\n","protected":false},"author":1,"featured_media":0,"parent":0,"menu_order":0,"comment_status":"closed","ping_status":"closed","template":"","meta":{"footnotes":""},"class_list":["post-4262","page","type-page","status-publish","hentry"],"_links":{"self":[{"href":"https:\/\/www.colegiosanfelix.com\/web\/index.php\/wp-json\/wp\/v2\/pages\/4262","targetHints":{"allow":["GET"]}}],"collection":[{"href":"https:\/\/www.colegiosanfelix.com\/web\/index.php\/wp-json\/wp\/v2\/pages"}],"about":[{"href":"https:\/\/www.colegiosanfelix.com\/web\/index.php\/wp-json\/wp\/v2\/types\/page"}],"author":[{"embeddable":true,"href":"https:\/\/www.colegiosanfelix.com\/web\/index.php\/wp-json\/wp\/v2\/users\/1"}],"replies":[{"embeddable":true,"href":"https:\/\/www.colegiosanfelix.com\/web\/index.php\/wp-json\/wp\/v2\/comments?post=4262"}],"version-history":[{"count":0,"href":"https:\/\/www.colegiosanfelix.com\/web\/index.php\/wp-json\/wp\/v2\/pages\/4262\/revisions"}],"wp:attachment":[{"href":"https:\/\/www.colegiosanfelix.com\/web\/index.php\/wp-json\/wp\/v2\/media?parent=4262"}],"curies":[{"name":"wp","href":"https:\/\/api.w.org\/{rel}","templated":true}]}}

<div class="wp-block-image is-style-rounded"><figure class="aligncenter size-large"><img decoding="async" width="1920" height="1920" src="https://www.colegiosanfelix.com/web/wp-content/uploads/2022/05/507F719D-E4CD-4CDD-9125-60403A343A78.jpeg" alt="" class="wp-image-4799" srcset="https://www.colegiosanfelix.com/web/wp-content/uploads/2022/05/507F719D-E4CD-4CDD-9125-60403A343A78.jpeg 1920w, https://www.colegiosanfelix.com/web/wp-content/uploads/2022/05/507F719D-E4CD-4CDD-9125-60403A343A78-711x711.jpeg 711w, https://www.colegiosanfelix.com/web/wp-content/uploads/2022/05/507F719D-E4CD-4CDD-9125-60403A343A78-150x150.jpeg 150w, https://www.colegiosanfelix.com/web/wp-content/uploads/2022/05/507F719D-E4CD-4CDD-9125-60403A343A78-768x768.jpeg 768w, https://www.colegiosanfelix.com/web/wp-content/uploads/2022/05/507F719D-E4CD-4CDD-9125-60403A343A78-1536x1536.jpeg 1536w, https://www.colegiosanfelix.com/web/wp-content/uploads/2022/05/507F719D-E4CD-4CDD-9125-60403A343A78-160x160.jpeg 160w, https://www.colegiosanfelix.com/web/wp-content/uploads/2022/05/507F719D-E4CD-4CDD-9125-60403A343A78-320x320.jpeg 320w" sizes="(max-width: 1920px) 100vw, 1920px" /><figcaption>Educación física gracias a uno de los inventos más viejos, simples y revolucionarios del mundo: la rueda.</figcaption></figure></div>



<figure class="wp-block-image"><img decoding="async" width="996" height="564" src="https://www.colegiosanfelix.com/web/wp-content/uploads/2021/05/image.jpg" alt="" class="wp-image-4261" srcset="https://www.colegiosanfelix.com/web/wp-content/uploads/2021/05/image.jpg 996w, https://www.colegiosanfelix.com/web/wp-content/uploads/2021/05/image-711x403.jpg 711w, https://www.colegiosanfelix.com/web/wp-content/uploads/2021/05/image-768x435.jpg 768w" sizes="(max-width: 996px) 100vw, 996px" /></figure>



<p>La finalidad de la Semana Sobre Ruedas es fomentar el deporte y el uso de un medio de transporte más sostenible que el coche para los desplazamientos cortos. Esta II Semana Sobre Ruedas la llevaremos a cabo en las sesiones de educación física <strong>entre el 23 de mayo y el 2 de junio de 2022</strong> (si la climatología lo permite).  Si el tiempo no acompaña pospondremos las sesiones hasta mejoría.</p>



<hr class="wp-block-separator"/>



<h2 class="wp-block-heading"><strong>¿QUÉ TENGO QUE HACER?</strong></h2>



<p>Cada alumno/a traerá su bicicleta (o en su defecto patinete) los días en los que tenga educación física. Se entrará por la puerta de patio y se aparcará en la zona habilitada al efecto en la pista cubierta.</p>



<p>Cada bicicleta (o patinete) vendrá con una etiqueta con el nombre del alumno-a y su grupo (lo más sencillo es un poco de cinta de carrocero en el cuadro). También se traerá un casco etiquetado con el nombre y grupo que se quedará en el manillar de la bicicleta (o patinete) en la zona de aparcamiento.</p>



<p>Sabemos que no todas las familias pueden traer/llevar la bicicleta cada día que haya educación física. Para facilitar la logística, se podrán traer bicicletas o patinetes al colegio <strong>en cualquier momento previo a la primera sesión de educación física de la II Semana Sobre Ruedas.</strong> Éstas se llevarán en el horario habitual de apertura del centro 9:05 a 14:25 por la puerta principal y Lola (nuestra conserje) las acomodará en la zona del gimnasio hasta el momento de su uso a la hora de educación física. Se podrán recoger de igual modo <strong>cualquier día tras finalizar la última sesión de la Semana</strong> <strong>Sobre Ruedas</strong>. </p>



<p>Al finalizar la sesión de educación física el alumnado dejará la bicicleta en la zona de aparcamiento de patio (si regresa a su casa en bicicleta) o la subirá al gimnasio para guardarla hasta la siguiente clase de educación física.</p>



<hr class="wp-block-separator"/>



<h2 class="wp-block-heading"><strong>RECOMENDACIONES</strong></h2>



<ul class="wp-block-list"><li>Hacer una pequeña revisión de que la altura del sillín, estado de frenos y ruedas sea adecuado.</li><li>Usar la bicicleta unos días antes para comprobar que «todo está en orden».</li><li>Tranquilizar al alumnado que aún no se sienta cómodo para el manejo de una bicicleta o patinete: el objetivo no es ser competitivos, sino familiarizarnos con este medio.</li></ul>



<hr class="wp-block-separator"/>



<h2 class="wp-block-heading"><strong>¿Y SI NO TENGO BICICLETA O PATINETE?</strong></h2>



<p>Vamos a tener alguna bicicleta/patinete disponibles para prestar. </p>



<hr class="wp-block-separator"/>



<h2 class="wp-block-heading"><strong>DESPUÉS DE LEER ESTO AÚN TENGO DUDAS</strong></h2>



<p>Puedes enviar tus dudas por email a juandhc@educastur.org</p>



<h2 class="wp-block-heading"><strong>¿QUÉ VAMOS A APRENDER?</strong></h2>



<figure class="wp-block-image"><img decoding="async" width="1920" height="1920" src="https://www.colegiosanfelix.com/web/wp-content/uploads/2021/05/52A5B12D-DFDB-4683-A847-E045CFA6E9BC.jpeg" alt="" class="wp-image-4260" srcset="https://www.colegiosanfelix.com/web/wp-content/uploads/2021/05/52A5B12D-DFDB-4683-A847-E045CFA6E9BC.jpeg 1920w, https://www.colegiosanfelix.com/web/wp-content/uploads/2021/05/52A5B12D-DFDB-4683-A847-E045CFA6E9BC-711x711.jpeg 711w, https://www.colegiosanfelix.com/web/wp-content/uploads/2021/05/52A5B12D-DFDB-4683-A847-E045CFA6E9BC-150x150.jpeg 150w, https://www.colegiosanfelix.com/web/wp-content/uploads/2021/05/52A5B12D-DFDB-4683-A847-E045CFA6E9BC-768x768.jpeg 768w, https://www.colegiosanfelix.com/web/wp-content/uploads/2021/05/52A5B12D-DFDB-4683-A847-E045CFA6E9BC-1536x1536.jpeg 1536w, https://www.colegiosanfelix.com/web/wp-content/uploads/2021/05/52A5B12D-DFDB-4683-A847-E045CFA6E9BC-160x160.jpeg 160w, https://www.colegiosanfelix.com/web/wp-content/uploads/2021/05/52A5B12D-DFDB-4683-A847-E045CFA6E9BC-320x320.jpeg 320w" sizes="(max-width: 1920px) 100vw, 1920px" /></figure>



<div style="height:30px" aria-hidden="true" class="wp-block-spacer"></div>



<figure class="wp-block-image"><img decoding="async" width="1920" height="1357" src="https://www.colegiosanfelix.com/web/wp-content/uploads/2021/05/B45392C4-463C-4447-B67A-9B6D546EC099.jpeg" alt="" class="wp-image-4256" srcset="https://www.colegiosanfelix.com/web/wp-content/uploads/2021/05/B45392C4-463C-4447-B67A-9B6D546EC099.jpeg 1920w, https://www.colegiosanfelix.com/web/wp-content/uploads/2021/05/B45392C4-463C-4447-B67A-9B6D546EC099-711x503.jpeg 711w, https://www.colegiosanfelix.com/web/wp-content/uploads/2021/05/B45392C4-463C-4447-B67A-9B6D546EC099-768x543.jpeg 768w, https://www.colegiosanfelix.com/web/wp-content/uploads/2021/05/B45392C4-463C-4447-B67A-9B6D546EC099-1536x1086.jpeg 1536w" sizes="(max-width: 1920px) 100vw, 1920px" /></figure>



<figure class="wp-block-image"><img decoding="async" width="1920" height="1357" src="https://www.colegiosanfelix.com/web/wp-content/uploads/2021/05/D479EE58-C806-43EC-AAC7-A488DCA9B714.jpeg" alt="" class="wp-image-4257" srcset="https://www.colegiosanfelix.com/web/wp-content/uploads/2021/05/D479EE58-C806-43EC-AAC7-A488DCA9B714.jpeg 1920w, https://www.colegiosanfelix.com/web/wp-content/uploads/2021/05/D479EE58-C806-43EC-AAC7-A488DCA9B714-711x503.jpeg 711w, https://www.colegiosanfelix.com/web/wp-content/uploads/2021/05/D479EE58-C806-43EC-AAC7-A488DCA9B714-768x543.jpeg 768w, https://www.colegiosanfelix.com/web/wp-content/uploads/2021/05/D479EE58-C806-43EC-AAC7-A488DCA9B714-1536x1086.jpeg 1536w" sizes="(max-width: 1920px) 100vw, 1920px" /></figure>



<p></p>

<p>La finalidad de la Semana Sobre Ruedas es fomentar el deporte y el uso de un medio de transporte más sostenible que el coche para los desplazamientos cortos. Esta II Semana Sobre Ruedas la llevaremos&#46;&#46;&#46;</p>
